488 is divided by 477?
11
What is the remainder when 385 is divided by 19?
5
Calculate the remainder when 73 is divided by 15.
13
What is the remainder when 288 is divided by 26?
2
Calculate the remainder when 25 is divided by 17.
8
What is the remainder when 24 is divided by 14?
10
Calculate the remainder when 56 is divided by 21.
14
Calculate the remainder when 111 is divided by 48.
15
What is the remainder when 34 is divided by 18?
16
Calculate the remainder when 3466 is divided by 60.
46
What is the remainder when 143 is divided by 24?
23
What is the remainder when 61 is divided by 13?
9
Calculate the remainder when 170 is divided by 7.
2
What is the remainder when 565 is divided by 27?
25
Calculate the remainder when 824 is divided by 55.
54
Calculate the remainder when 104 is divided by 93.
11
What is the remainder when 3583 is divided by 37?
31
Calculate the remainder when 3455 is divided by 14.
11
What is the remainder when 923 is divided by 66?
65
What is the remainder when 224 is divided by 6?
2
Calculate the remainder when 7761 is divided by 67.
56
What is the remainder when 575 is divided by 29?
24
Calculate the remainder when 126 is divided by 70.
56
Calculate the remainder when 5203 is divided by 33.
22
What is the remainder when 169 is divided by 47?
28
Calculate the remainder when 119 is divided by 18.
11
Calculate the remainder when 107 is divided by 10.
7
Calculate the remainder when 482 is divided by 41.
31
Calculate the remainder when 377 is divided by 121.
14
What is the remainder when 1485 is divided by 8?
5
Calculate the remainder when 364 is divided by 34.
24
What is the remainder when 499 is divided by 20?
19
Calculate the remainder when 103 is divided by 18.
13
What is the remainder when 453 is divided by 12?
9
What is the remainder when 114 is divided by 46?
22
Calculate the remainder when 207 is divided by 57.
36
Calculate the remainder when 88 is divided by 13.
10
Calculate the remainder when 7934 is divided by 31.
29
What is the remainder when 112 is divided by 64?
48
What is the remainder when 654 is divided by 23?
10
Calculate the remainder when 1547 is divided by 9.
8
What is the remainder when 2846 is divided by 43?
8
Calculate the remainder when 31 is divided by 2.
1
Calculate the remainder when 703 is divided by 33.
10
Calculate the remainder when 23532 is divided by 7.
5
What is the remainder when 298 is divided by 78?
64
What is the remainder when 11710 is divided by 16?
14
Calculate the remainder when 854 is divided by 303.
248
What is the remainder when 397 is divided by 29?
20
What is the remainder when 371 is divided by 12?
11
Calculate the remainder when 1097 is divided by 121.
8
Calculate the remainder when 373 is divided by 77.
65
What is the remainder when 252 is divided by 11?
10
What is the remainder when 503 is divided by 63?
62
Calculate the remainder when 137 is divided by 47.
43
Calculate the remainder when 676 is divided by 8.
4
Calculate the remainder when 2545 is divided by 28.
25
What is the remainder when 350 is divided by 51?
44
Calculate the remainder when 770 is divided by 52.
42
What is the remainder when 174 is divided by 35?
34
What is the remainder when 108 is divided by 70?
38
Calculate the remainder when 415 is divided by 73.
50
Calculate the remainder when 63 is divided by 33.
30
Calculate the remainder when 30867 is divided by 90.
87
What is the remainder when 4704 is divided by 107?
103
What is the remainder when 378 is divided by 179?
20
What is the remainder when 114 is divided by 83?
31
What is the remainder when 517 is divided by 32?
5
What is the remainder when 2570 is divided by 851?
17
Calculate the remainder when 651 is divided by 14.
7
What is the remainder when 70 is divided by 6?
4
What is the remainder when 155 is divided by 39?
38
Calculate the remainder when 1540 is divided by 170.
10
What is the remainder when 501 is divided by 14?
11
Calculate the remainder when 295 is divided by 23.
19
What is the remainder when 109 is divided by 19?
14
Calculate the remainder when 428 is divided by 11.
10
What is the remainder when 251 is divided by 69?
44
Calculate the remainder when 47 is divided by 10.
7
Calculate the remainder when 879 is divided by 21.
18
Calculate the remainder when 39 is divided by 14.
11
What is the remainder when 530 is divided by 185?
160
Calculate the remainder when 431 is divided by 426.
5
What is the remainder when 626 is divided by 206?
8
Calculate the remainder when 22031 is divided by 108.
107
Calculate the remainder when 45 is divided by 24.
21
Calculate the remainder when 2233 is divided by 741.
10
Calculate the remainder when 836 is divided by 195.
56
Calculate the remainder when 1583 is divided by 61.
58
What is the remainder when 1168 is divided by 5?
3
What is the remainder when 11699 is divided by 25?
24
Calculate the remainder when 648 is divided by 161.
4
What is the remainder when 145 is divided by 44?
13
What is the remainder when 1337 is divided by 134?
131
What is the remainder when 305 is divided by 150?
5
What is the remainder when 33 is divided by 24?
9
What is the remainder when 338 is divided by 86?
80
What is the remainder when 657 is divided by 359?
298
Calculate the remainder when 265 is divided by 48.
25
What is the remainder when 4810 is divided by 63?
22
What is the remainder when 45 is divided by 29?
16
Calculate the remainder when 13871 is divided by 12.
11
What is the remainder when 1014 is divided by 18?
6
Calculate the remainder when 31 is divided by 11.
9
Calculate the remainder when 217 is divided by 19.
8
What is the remainder when 108 is divided by 7?
3
Calculate the remainder when 1403 is divided by 21.
17
What is the remainder when 861 is divided by 129?
87
Calculate the remainder when 152 is divided by 71.
10
What is the remainder when 1007 is divided by 264?
215
Calculate the remainder when 3562 is divided by 83.
76
What is the remainder when 1022 is divided by 379?
264
What is the remainder when 476 is divided by 40?
36
Calculate the remainder when 212 is divided by 108.
104
Calculate the remainder when 61 is divided by 11.
6
Calculate the remainder when 239 is divided by 30.
29
What is the remainder when 726 is divided by 7?
5
What is the remainder when 345 is divided by 58?
55
Calculate the remainder when 38 is divided by 16.
6
What is the remainder when 407 is divided by 8?
7
What is the remainder when 2539 is divided by 19?
12
What is the remainder when 2096 is divided by 695?
11
What is the remainder when 120 is divided by 55?
10
Calculate the remainder when 113 is divided by 19.
18
Calculate the remainder when 180 is divided by 8.
4
Calculate the remainder when 272 is divided by 91.
90
Calculate the remainder when 647 is divided by 5.
2
What is the remainder when 50 is divided by 4?
2
What is the remainder when 378 is divided by 38?
36
What is the remainder when 193 is divided by 110?
83
What is the remainder when 117 is divided by 41?
35
Calculate the remainder when 504 is divided by 70.
14
What is the remainder when 575 is divided by 195?
185
What is the remainder when 1133 is divided by 263?
81
Calculate the remainder when 644 is divided by 19.
17
Calculate the remainder when 214 is divided by 6.
4
Calculate the remainder when 335 is divided by 48.
47
Calculate the remainder when 474 is divided by 49.
33
What is the remainder when 27321 is divided by 18?
15
Calculate the remainder when 45 is divided by 24.
21
Calculate the remainder when 372 is divided by 47.
43
What is the remainder when 1296 is divided by 23?
8
Calculate the remainder when 117 is divided by 50.
17
Calculate the remainder when 229 is divided by 4.
1
What is the remainder when 278 is divided by 75?
53
Calculate the remainder when 626 is divided by 98.
38
What is the remainder when 7195 is divided by 61?
58
Calculate the remainder when 1247 is divided by 125.
122
Calculate the remainder when 68 is divided by 11.
2
What is the remainder when 3139 is divided by 351?
331
Calculate the remainder when 1828 is divided by 168.
148
Calculate the remainder when 938 is divided by 13.
2
What is the remainder when 67 is divided by 52?
15
Calculate the remainder when 20 is divided by 20.
0
What is the remainder when 182 is divided by 38?
